22 + v. Let b be (-30 - q)*6/(-5). Calculate the greatest common divisor of b and 12.
12
Let n be 0 + 1 - (-14 + 6)*-1. Let j(d) = -d**3 - 7*d**2 - 6*d - 20. Let s be j(n). Calculate the greatest common factor of 99 and s.
11
Let v = -43 + 175. What is the greatest common divisor of 858 and v?
66
Suppose 28 = 9*o + 37. Let p be (-6)/o*10/15 + -3. What is the greatest common divisor of 2 and p?
1
Let n = 53 - 12. Suppose -l - 86 + 537 = 0. What is the greatest common factor of n and l?
41
Let n(v) = -9*v + 1. Let y be n(3). Let p = 28 + y. Suppose p = w - 6. Calculate the greatest common factor of 12 and w.
4
Let q be (-12)/((-5)/(-7) - 40/(-140)). Let d be -1*(-2)/(-6) - 124/q. What is the highest common divisor of 190 and d?
10
Suppose -p = 2*p - 411. Suppose 3*d - 398 = -5*o, -o + p - 47 = -2*d. Let n = o + -51. Calculate the highest common divisor of n and 124.
31
Suppose 31*m - 47*m + 800 = 0. What is the greatest common divisor of 4 and m?
2
Let b(d) = -2*d**2 - 3*d + 4. Let j be b(0). What is the highest common factor of j and 52?
4
Suppose -3*t - 5*d = -200, 4*t = 5*d + 247 - 27. Let m = t - 56. Calculate the greatest common divisor of 4 and m.
4
Suppose 9135 = 39*x - 4*x. What is the highest common divisor of x and 9?
9
Suppose -3*v + 3*g = -51, -5*v + 5*g = -3*v - 49. Let p(c) = -4*c - 6. Suppose -18 = -u + 4*u. Let d be p(u). Calculate the highest common factor of v and d.
6
Suppose 946 - 4961 = -5*z. What is the greatest common divisor of z and 146?
73
Let a be ((-28)/4 - -8)/(3/1056). Calculate the greatest common divisor of a and 22.
22
Suppose a = -3*t + 48, -t - 141 = -2*a - 59. Calculate the greatest common divisor of 21 and a.
21
Let q be ((-24)/28)/(1/(-7)). Suppose 4*s + 4*p = 20, 5*p - q - 4 = 0. Suppose -s*v + 2*v = -70. Calculate the greatest common divisor of 14 and v.
14
Let s = 122 + -58. Suppose 2*a - 8 = -2*p - 76, -2*p - a - s = 0. Let c = -18 - p. What is the highest common factor of c and 24?
12
Let r be (0 - 3)*(-8)/(-12). Let d = r + 3. Let g be (-2)/7 - 237/(-21). Calculate the highest common divisor of g and d.
1
Let y = 15 - -5. Suppose 2*n = -t - 0*t - 4, -28 = 4*t - 4*n. Let u be (-15)/12*(t - 2). Calculate the greatest common divisor of y and u.
10
Suppose 9 + 15 = 2*b. Let v be b/((-16)/4) + 4. What is the greatest common factor of 3 and v?
1
Let y be 19/114 + ((-95)/(-6) - 1). What is the greatest common divisor of y and 465?
15
Let a be 45/10*(3 - (1 - 4)). Calculate the highest common factor of 351 and a.
27
Suppose -a - 4*a + 15 = 0, 5*a - 91 = 4*l. Let p(j) = j**2 - 6*j - 6. Let v be p(-4). Let f = v + l. Calculate the greatest common factor of 75 and f.
15
Suppose -z + 520 = 5*f, -33*z + 31*z + 1068 = 3*f. Calculate the greatest common divisor of 60 and z.
60
Suppose -4 + 20 = 2*q. Suppose 0 = 4*d - q, -2*m + 2*d - d = -10. Suppose 0 = -m*p + 7*p - 5. Calculate the greatest common divisor of 1 and p.
1
Let z be (7 - -1)*9/(-2). Let i = -25 - z. Let m be 10*4/((-24)/(-33)). Calculate the highest common divisor of m and i.
11
Let q(y) = -4*y**3 - 6*y**2 - 4*y + 14. Let m be q(-5). Calculate the highest common factor of m and 3.
3
Let s(a) = -a**3 + 12*a**2 - 6*a + 17. Let j be s(10). Let n = j - -19. Calculate the highest common factor of n and 16.
16
Let t(s) = -55*s - 587. Let h be t(-11). Calculate the greatest common factor of 18 and h.
18
Suppose 160 = d - b, d - 5*d - 3*b = -605. Let l be (-651)/(-7)*1/3. Calculate the highest common divisor of l and d.
31
Let y(n) = -6*n + 349. Let q be y(55). What is the highest common factor of 152 and q?
19
Let m(z) = 2*z**2 - z - 2. Let a be m(-2). Let l = a - 6. Suppose 2*r - 15 = 3*o, -5*o - 1 - 16 = -l*r. What is the highest common divisor of 18 and r?
6
Let r be 207/6 - 12/(-8). Let q(g) = -r + 36 - 15*g. Let i be q(-1). What is the greatest common divisor of 15 and i?
15
Let g(l) = -l + 27. Let o be g(14). Let w = o + -12. Let x = 30 - 21. What is the highest common factor of w and x?
1
Let j(n) = 34*n**2 + 6*n - 12. Let c be j(-6). Calculate the greatest common factor of 56 and c.
56
Let f be 4/8*-2 - 1. Let s be f + 4 + (1 - -2). Let i = 20 - s. What is the greatest common factor of 10 and i?
5
Suppose -8*y = 82 + 54. Let k be (69 + 1)*4/10. Let m = y + k. Calculate the greatest common divisor of 33 and m.
11
Let i be (-4)/(-14) - 47118/(-21). Suppose 10*z + 2*z = i. What is the highest common factor of 17 and z?
17
Let a(w) be the first derivative of w**4/4 - 7*w**3/3 - 5*w**2/2 - 16*w - 36. Let p be a(8). Calculate the highest common factor of p and 16.
8
Suppose 0 = 20*b - 19*b. Suppose b = -4*j - 3*w + 49, 4*j + 4*w - 64 = -12. Calculate the highest common divisor of 70 and j.
10
Let q be 1/(-2) - 399/(-14). Calculate the greatest common divisor of 8 and q.
4
Let q = 72 + -25. Let l(a) = -a**3 - 7*a**2 + 52*a + 182. Let v be l(-11). What is the greatest common factor of q and v?
47
Let x be 5*6/105 + (-26)/(-7). Suppose 3*o = x*o - 2. What is the greatest common factor of o and 1?
1
Let d be -7*1*(6 + -10). Calculate the greatest common factor of 364 and d.
28
Suppose o + 5 = 12. Suppose -43 = -13*y + 11*y - 3*t, -101 = -5*y - t. Let f = y + o. Calculate the highest common divisor of f and 3.
3
Suppose -7*h + 29 + 48 = 0. Suppose -2*p + 23 = 5*x, 5*x + 4*p = 2*x + h. Calculate the highest common factor of x and 2.
1
Suppose 4*y - 2*h = 398, 4*y + 7*h - 377 = 2*h. What is the highest common factor of 42 and y?
14
Suppose 3*c = -6, -1 + 13 = -w - 4*c. Let o be ((-21)/(-42))/((-6)/w + -1). What is the greatest common factor of o and 9?
1
Suppose -246 = 2*t - 5*l, 0 = l + 2. Let d = 188 + t. Suppose -w + 2*w = i + 14, -3*w - 3*i = -30. What is the highest common divisor of w and d?
12
Let g(k) = 2*k**2 + 14*k - 10. Let n be g(-8). Calculate the greatest common divisor of 8 and n.
2
Let g(b) = -5*b + 7. Let v be g(-6). Let w(x) = 2*x**2 - 12*x - 43. Let y be w(-4). What is the highest common factor of v and y?
37
Let n be (-1)/(-1) + (-7)/(21/(-102)). Let h = 16 - 14. Suppose -3*p + 303 = -h*i + 6*i, -5*p + 3*i = -534. What is the greatest common divisor of n and p?
35
Let c be (-1)/((-3)/(-28)*(-4)/(-6)). Let w = c + 27. What is the highest common divisor of 104 and w?
13
Let q be (12/9)/(2/(-9)). Let z(u) = -8*u + 3. Let w be z(q). Let a(m) = m**2 + 7*m + 17. Let p be a(-7). Calculate the highest common divisor of w and p.
17
Suppose -17 - 87 = -4*g. Suppose 5*h + 44 = 4*n, -3*n - 2*n - h = -g. What is the highest common factor of 2 and n?
2
Let i = 4 + 0. Suppose 8 = 8*x - 4*x. Suppose -x*p + 34 = -30. What is the greatest common factor of i and p?
4
Let v = -2 - -58. Suppose 0 = m + 3*m - v. What is the greatest common factor of 21 and m?
7
Suppose 0 = -5*o - 36 + 16, 4*d - 3*o = 124. What is the greatest common divisor of 364 and d?
28
Let r(u) = 69*u - 415. Let g be r(10). What is the greatest common divisor of 385 and g?
55
Let a(o) = -13*o + 2. Let l be a(-7). Suppose -d = l - 237. Calculate the greatest common divisor of d and 16.
16
Suppose -3*c + 58 = 2*y + 7, -4*y + 126 = -2*c. What is the greatest common factor of 2490 and y?
30
Suppose -6*x + 88 = -5*x. Let o = x - 78. Calculate the greatest common divisor of 45 and o.
5
Suppose 408 + 632 = 40*g. What is the greatest common divisor of g and 1300?
26
Let n be -12*(30/8 + -4). Suppose 5*l - 48 = -2*x, -4*l + 0*x + 44 = n*x. Calculate the greatest common divisor of l and 1.
1
Suppose 4*p + 2*q + 17 = -405, 2*p + 223 = -5*q. Let n = -32 - p. Suppose -26 = -4*i + 5*k + 16, 3*k = -6. What is the greatest common factor of n and i?
8
Let k(g) = -4*g - 14. Let v(h) = h - 13. Let u be v(7). Let p be k(u). Calculate the highest common divisor of p and 100.
10
Let l(b) be the third derivative of -7*b**4/24 + 13*b**3/6 + 4*b**2. Let c be l(-6). Calculate the greatest common divisor of c and 5.
5
Let h = -92 + 129. Suppose -31*y + h*y = 78. What is the highest common divisor of 65 and y?
13
Let i = -3 + 17. Suppose -4*l - 78 + 394 = 0. Suppose l = 5*p + 2*b - 16, -74 = -4*p - 2*b. Calculate the greatest common factor of p and i.
7
Let c be ((-26)/6)/(2/(-12)). Suppose -3 = -6*j + 27. Suppose -j*d + c = -34. What is the highest common factor of 108 and d?
12
Let i = -255 + 370. Let w(x) be the sec